- 8*o + 7. Let m be z(-8). Calculate the highest common factor of 21 and m.
7
Let d be (22 - 7)*10/6. Let b be (-1)/(1/(-2) + 0). Suppose 0 = -4*a - 0*a + 4*c + 8, -7 = -b*a + c. What is the greatest common divisor of a and d?
5
Suppose -14 = -4*q - 2. Suppose -q*b = b. Suppose -m + 2*m - 5 = b. What is the highest common factor of 20 and m?
5
Suppose 0 = -0*t - 5*t - 10. Let d be ((-57)/t)/(6/8). Suppose -4*p + 3*p - 4*s + d = 0, 2*s + 66 = 2*p. Calculate the greatest common factor of p and 85.
17
Suppose 2 = r - 13. Let u(j) = 13*j**2 + 2*j + 9. Let d be u(-3). What is the greatest common factor of d and r?
15
Let i = 19 - 10. Suppose 66 = 3*j + 5*s, 3*j + 5*s = -j + 93. Calculate the highest common divisor of j and i.
9
Let d be (-48)/(-9) + (-2)/6. Suppose 13 = d*l - 12. What is the highest common divisor of l and 45?
5
Suppose f - 286 = -3*x, 5*x - 4*f - 353 = 135. Calculate the greatest common factor of x and 12.
12
Let f(a) = -a**3 + 5*a**2 + a - 5. Let t be f(5). Suppose 5*g - 5*i + 35 - 110 = t, -i + 7 = g. Calculate the highest common factor of 88 and g.
11
Suppose 2*p + 19 = 79. Let j be 1/((-176)/60 - -3). What is the greatest common factor of p and j?
15
Let d(k) = k + 12. Let h be d(-9). Suppose h*r = -4 - 5. Let f(m) = -10*m. Let y be f(r). What is the greatest common factor of 6 and y?
6
Let m(b) = -b**3 - 10*b**2 - 9*b + 5. Let z be m(-9). Let r be 208/z - 2/(-5). Calculate the greatest common divisor of r and 6.
6
Let u(g) = -16*g - 2. Let s be u(6). Let p = 188 + s. Calculate the greatest common factor of p and 10.
10
Let r be 1 + -3 + 0 + 7. Suppose 15 = 5*x - r. Suppose -3*n + 17 + 7 = 0. What is the highest common divisor of x and n?
4
Let b(t) = -t**3 - 3*t**2 - 2*t + 2. Let c be b(-2). Let p be 12/(-18) + (-20)/(-3). What is the highest common factor of p and c?
2
Suppose 0 = -5*j - 3*r + 492, -5*j + 4*r = -102 - 397. Let c = 8 - 5. Let w be 0 + (-33)/(c*-1). What is the greatest common factor of j and w?
11
Let i = -42 - -64. What is the greatest common divisor of i and 2?
2
Let r(g) = 7. Let t be (-3)/(((-3)/5)/1). Let l(m) = m. Let n(o) = t*l(o) - r(o). Let z be n(11). Calculate the highest common factor of z and 32.
16
Let z(l) = l + 4. Let w be z(14). Let r = -15 + w. What is the greatest common factor of 15 and r?
3
Let b be (18/(-4))/((-2)/4). Suppose -4*r + b = -r. Let n be 13/2 - (-3)/(-6). What is the highest common factor of r and n?
3
Let d = 10 + -7. Suppose -d*y = -c - 18, 4*c - 2*c + 6 = y. What is the greatest common factor of 4 and y?
2
Suppose -v + 4*p - 6 = 0, 2*p - 7*p = 5*v - 95. Calculate the highest common divisor of 168 and v.
14
Suppose -3*v + s + 260 = -s, 0 = -4*v + 5*s + 335. What is the greatest common factor of 135 and v?
45
Let z(f) = 2*f - 3. Let n(p) = 4*p. Let b be n(1). Let g be z(b). Suppose 4*u = g*y - 4 - 0, 0 = u - 5*y + 16. Calculate the greatest common factor of 28 and u.
4
Let f be (-10)/(-4)*(-3 + -1)*-3. What is the greatest common factor of 210 and f?
30
Suppose 5*d - 884 = 5*x + 2*d, -3*d + 184 = -x. Let b = x - -255. What is the greatest common factor of 10 and b?
10
Let i = 1 - -4. Suppose -j + 90 = i*c, j - 3*c + 0*c - 82 = 0. Suppose k = t - 19, -4*t + 3*t - 2*k = -13. Calculate the highest common factor of j and t.
17
Let q(g) be the third derivative of g**4/24 + 5*g**3/2 - 3*g**2. Let h be q(-12). Let y be (-1 - 1) + (7 - 2). What is the highest common divisor of y and h?
3
Suppose -2*k = 3*k - 10. Let g be 4/40*-4 + (-52)/(-5). Suppose -h + k = -g. What is the highest common factor of h and 72?
12
Suppose i + 5*k = -11, 2*i + 78 = -3*i - 2*k. Let c = -5 - i. Calculate the greatest common factor of 55 and c.
11
Suppose -5*t + 6 = g, g - 3*g - 2*t + 28 = 0. Calculate the highest common divisor of 64 and g.
16
Let v = -6 - -17. What is the greatest common factor of 88 and v?
11
Suppose -20 = 2*q - 4*q. Suppose -5*z = -2*z - 180. Suppose 4*w = 5*p + 25 + 10, z = 5*w - 3*p. Calculate the highest common factor of w and q.
5
Let c(l) = -l**3 + 5*l**2 + 4*l - 4. Let u be c(5). Let o = u - 15. What is the highest common factor of o and 3?
1
Suppose 3*s + 6 = 36. Calculate the greatest common factor of s and 110.
10
Suppose 0 = -3*f - 3*u + 4*u + 104, 3*f + 2*u - 89 = 0. Suppose -3*b = -3 - f. What is the highest common divisor of b and 36?
12
Suppose z - 35 = -5*w, z = 5*z + 2*w - 104. Calculate the highest common divisor of 175 and z.
25
Suppose 5*q - h = -17, 2*q = -3*q + 4*h - 23. Let p be 2/(q/(-6)*1). Suppose -p*b = -25 - 27. What is the greatest common divisor of b and 13?
13
Let n be (-12)/15 + (-27)/(-15). What is the greatest common factor of 7 and n?
1
Let d = -28 - -73. Let a(r) = -r**3 - 3*r**2 + 4*r + 5. Let b = -15 - -11. Let n be a(b). Calculate the highest common factor of n and d.
5
Let q be -5*-3*42/45. Suppose n = 2*n - 2. Suppose n*u - u - 1 = 0, 180 = 5*r + 5*u. What is the highest common factor of r and q?
7
Let v(h) = -37*h**2 - 2*h + 1. Let l be v(1). Let f = 66 + l. Calculate the greatest common factor of 4 and f.
4
Let a = -12 + 14. What is the highest common divisor of a and 4?
2
Let j(s) = -s. Let m(a) = -5*a + 1. Let p(v) = -3*j(v) + m(v). Let b be p(-5). What is the highest common factor of b and 1?
1
Let n be (4/(-2))/((-2)/25). Suppose 2*j + 5 = 35. Suppose -j = 5*x - 65. Calculate the greatest common divisor of x and n.
5
Let j be (4/5)/((-2)/(-120)). Suppose -4*o = -2 - 46. What is the greatest common divisor of j and o?
12
Suppose -n = -0*n + 4. Let o = n + 7. Suppose -105 = -5*i + 4*v - v, i + v - 21 = 0. Calculate the greatest common factor of o and i.
3
Let i = 5 - 2. Suppose 2*h - a = -17, 0*a - 3*a = -4*h - 33. Let u = i - h. Calculate the greatest common divisor of 6 and u.
6
Suppose 0 = y - 5*y + 400. Suppose -6*w = 2*b - w - y, -3*b + w = -133. What is the greatest common divisor of 9 and b?
9
Let j = 4 + -3. Let c be -5*(-2 - (j - 2)). Suppose 4*z = -c*v + 64, 2*v - 23 = -z - v. Calculate the highest common factor of 121 and z.
11
Suppose q - 5*d = 4, -3*d - 8 = q - 20. Calculate the highest common divisor of 1 and q.
1
Suppose -126 = -11*r + 9*r. Let n(u) = 43*u - 1. Let y be n(1). What is the highest common factor of y and r?
21
Let a be (-2)/(-4)*(-4)/(-2). Let m = 1 - a. Let s be (m + 50)*(-8)/(-20). What is the greatest common divisor of s and 10?
10
Let l(r) be the second derivative of 73*r**5/20 - r**2/2 + 12*r. Let h = 3 - 2. Let i be l(h). What is the highest common divisor of 9 and i?
9
Suppose -27 = -2*x + 25. Let c(r) = r**3 - 9*r**2 + 4*r + 3. Let d be c(9). Calculate the highest common factor of d and x.
13
Let v = -15 - -19. Suppose -460 = -v*u - u + 2*l, 440 = 5*u + 2*l. Suppose -4*h = -5*j - 20, 3*h - 22 = j + j. Calculate the highest common factor of u and h.
10
Let h = -5 - -5. Let y(i) be the third derivative of i**5/60 + 25*i**3/6 + 7*i**2. Let t be y(h). Calculate the greatest common factor of t and 10.
5
Let j = -5 - -11. Let v = 6 - 12. Let f = v - -9. What is the greatest common factor of j and f?
3
Let v = 17 - 12. Let n(z) = -2*z - 1 + 1 - v. Let d be n(-9). What is the highest common divisor of d and 26?
13
Suppose 2*i - 5 = 3. Suppose 2*o - 658 - 101 = -3*w, -1012 = -i*w + 5*o. Calculate the highest common factor of w and 23.
23
Let k = 226 + -215. Calculate the highest common divisor of 407 and k.
11
Suppose -3*u + 72 = 4*p, -10*u = -13*u - 3*p + 75. Calculate the highest common factor of u and 182.
14
Let p(x) = x**3 + 15*x**2 - 4*x - 22. Let w be p(-15). Calculate the greatest common divisor of w and 114.
38
Suppose -2*s - 3*t + 312 = 0, -2*s + t + 298 + 6 = 0. Calculate the greatest common divisor of 17 and s.
17
Suppose -y = y - 3*j - 67, -2*j = y - 30. Calculate the greatest common divisor of 96 and y.
32
Let i be ((-4)/((-12)/(-3)))/((-4)/44). What is the greatest common factor of 121 and i?
11
Suppose 5 - 45 = -4*l. What is the greatest common factor of 40 and l?
10
Let a(t) be the first derivative of t**3/3 + 5*t**2/2 + t + 4. Let q be a(-5). Suppose 0*j = 3*j - 3. What is the highest common divisor of q and j?
1
Suppose -175 = -2*s + 165. Suppose -5*l = w - s, 2*w - 5 = -3*l + 90. Calculate the greatest common divisor of 70 and l.
35
Let t be 560/55 - (-2)/(-11). What is the greatest common